ist the prime factors of i.
5
Let b = 70 - 55. List the prime factors of b.
3, 5
Suppose -19*b - 13*b + 14560 = 0. What are the prime factors of b?
5, 7, 13
List the prime factors of 8 + -1 + 1719 + 0 + -6.
2, 5, 43
Let z(x) = -x**3 - 16*x**2 - 11*x - 10. Let s(p) = -4*p**3 - 63*p**2 - 45*p - 39. Let o(n) = -2*s(n) + 9*z(n). What are the prime factors of o(-18)?
2, 3, 5
Let w = -1404 + 3411. What are the prime factors of w?
3, 223
Let b(l) = -14*l - 118. List the prime factors of b(-11).
2, 3
Let i(a) = -49*a + 1. Let o be i(-1). Let b = o - -14. Suppose b = 5*q - 56. What are the prime factors of q?
2, 3
Let i = -143 + 209. Let k = 88 + i. What are the prime factors of k?
2, 7, 11
Suppose -5*y - 62 = -2. Let j be (-148)/6*18/y. Let k = j - 10. What are the prime factors of k?
3
Let o = 6 - 2. Let m(n) be the first derivative of 3*n**2/2 + 5*n - 1. What are the prime factors of m(o)?
17
Let d(a) = a**2 - a - 6. Let c be d(-2). Suppose c = -5*m + 3*u + 553, 5*u - 274 = -3*m + 51. What are the prime factors of m?
2, 5, 11
Suppose -14*v + 39788 - 1106 = 0. What are the prime factors of v?
3, 307
Let b(u) = 167*u - 93. What are the prime factors of b(18)?
3, 971
Let q(t) = -t + 5. Let x = 9 + -5. Let r be q(x). Let o = 1 + r. What are the prime factors of o?
2
Let f = 34 - 10. Let o = f + -186. List the prime factors of (-2)/4 - o/4.
2, 5
Suppose 4*u - 12 = -2*j, 5*j - 15 = u + j. Let r be (-12)/1 - -2 - u. Let h(l) = -l + 12. List the prime factors of h(r).
23
Let r = -2093 + 2909. List the prime factors of r.
2, 3, 17
Suppose 1410 = 14*k - 12*k - 3*i, 0 = -k + i + 705. What are the prime factors of k?
3, 5, 47
Suppose -g - p - 3*p = -52, 176 = 3*g + 2*p. What are the prime factors of g?
2, 3, 5
Let b = -44 - -28. Suppose -2*w + 4*c + 62 = 0, -2*w + 71 = -3*c + 9. Let m = w + b. List the prime factors of m.
3, 5
Suppose f + 213 = 4*g - 2137, 2*g - 1178 = -f. List the prime factors of g.
2, 3, 7
Let y = -1503 - -2948. What are the prime factors of y?
5, 17
Let q(x) = -16*x**2 - x - 13. Let c be q(-3). Let i = c - -262. What are the prime factors of i?
2, 3
Let y = -506 - -953. List the prime factors of y.
3, 149
What are the prime factors of (-70)/4*570/(-25)?
3, 7, 19
Let w be 19/2 - (-2)/(-4). Suppose 0 = -3*r - 2*v + 7, -10 = 5*r - 3*r + 5*v. Suppose -26 - w = -r*b. What are the prime factors of b?
7
Let l = 4 + 19. Let c = 89 - l. List the prime factors of c.
2, 3, 11
Let q(y) be the third derivative of y**5/60 - y**4/12 - y**3/2 - 10*y**2. Let n be q(-10). Suppose 0*d - n = -3*d. What are the prime factors of d?
3, 13
Let o(h) be the first derivative of -h**2 + 6*h + 2. Suppose -10 = 5*g - 5*w, -4*g - w - 3*w = 48. List the prime factors of o(g).
2, 5
Let h be 2 + -1 - (14 + -15). Suppose 0 = -h*b + 6, -y - 37 = 4*y - 4*b. What are the prime factors of (12/(-9))/(y/225)?
2, 3, 5
Let n = -19 - -19. Let u = -23 + 33. Suppose l - u = -n*l. List the prime factors of l.
2, 5
Suppose -247 - 140 = -3*u. Let l = 216 - u. What are the prime factors of l?
3, 29
Suppose 36 = 10*z + 2*z. Let y = 326 + -186. Suppose -3*k + 8*k = -5*u + y, -z*k - 172 = -5*u. List the prime factors of u.
2
Let w = 59 + -31. Suppose -w = -m - 3*m. List the prime factors of m.
7
Let g = 547 + -82. List the prime factors of g.
3, 5, 31
Let d be (-2 - -1 - -2)*101. Let j = 59 - d. Let b = j - -63. List the prime factors of b.
3, 7
Let y = -9 + 9. Let d = y - -4. Suppose d*c - 128 + 16 = 0. List the prime factors of c.
2, 7
Let j = 20 - 10. What are the prime factors of j/(-90) - 388/(-9)?
43
Suppose 3*z + 4*t + 0*t - 96 = 0, -109 = -4*z + t. Let d be (-7)/(z/(-736)) + 1. Suppose 0 = 7*s - 2*s - d. List the prime factors of s.
37
Let n be (-2)/3*(30/4)/(-1). Suppose 167 = n*c - 203. What are the prime factors of c?
2, 37
Let t(f) = 7*f**3 + 11*f - 1. Let c(g) = g**3 + g + 1. Let y(q) = -5*c(q) + t(q). What are the prime factors of y(3)?
2, 3, 11
Suppose 0 = -2*m - 3 + 95. Suppose 0 = -11*t + 23*t - 24. Suppose m = t*f - 70. List the prime factors of f.
2, 29
List the prime factors of (-2121174)/(-630) + (-2)/(-35).
7, 13, 37
What are the prime factors of 1232/42*(-2)/(-8)*201?
2, 11, 67
Suppose -11*k = -5*k + 54. List the prime factors of -214*-2*(k/12 + 1).
107
What are the prime factors of ((-32)/(-8))/(((-8)/(-238))/2)?
2, 7, 17
Suppose -5*g + k + 3229 = 0, -14*g + 10*g + 2*k + 2582 = 0. What are the prime factors of g?
2, 17, 19
What are the prime factors of (84/70)/(1/1115)?
2, 3, 223
Let w(i) = i**3 - 18*i**2 + 3*i - 13. Suppose -2*v + 90 = 3*v. What are the prime factors of w(v)?
41
Suppose z + 25 = -4*z. Let i(d) = -8*d + 2. Let l(h) = 9*h - 2. Let a(m) = z*i(m) - 4*l(m). What are the prime factors of a(3)?
2, 5
Let k(t) = -55*t**3 - 7*t**2 + 2*t - 1. Let h(g) = 54*g**3 + 6*g**2 - 2*g + 1. Let b(w) = 6*h(w) + 5*k(w). List the prime factors of b(1).
7
Suppose -20*v + 1018 = -15*v - y, 0 = 5*v - 3*y - 1024. What are the prime factors of v?
7, 29
Let s = -1 + 3. Let o(l) = l**2 - l + 2. Let h be o(s). List the prime factors of (-76)/(-6) - h/(-12).
13
Suppose -204*d + 6904 = -200*d. What are the prime factors of d?
2, 863
Suppose -2*a = w - 1570, 0 = 2*w - 2*a - 2552 - 594. What are the prime factors of w?
2, 3, 131
Suppose -5*k + 15 - 5 = 0. Let y(b) = 47*b - 1. List the prime factors of y(k).
3, 31
Let x = 43 - -2607. What are the prime factors of x?
2, 5, 53
Let y = 531 + -525. Suppose 0*z - 375 = -5*z. Suppose -11*t + z = -y*t. What are the prime factors of t?
3, 5
Let g(q) = -14*q**3 + 2*q**2 + 2. Let s be g(-2). Let j be (924/18)/(8/(-12)). Let p = s + j. List the prime factors of p.
3, 5
Let x(o) = -o**3 - 6*o**2 + 4*o - 2. Let z be 7*-8*(-3)/6. Suppose 3*f = -f - z. List the prime factors of x(f).
19
Let i(z) = 365*z + 2. What are the prime factors of i(3)?
1097
Suppose -7*k = -11284 - 1365. List the prime factors of k.
13, 139
Suppose 3*b + x + 16 = -8, b + 5*x = 6. Let j = b - -54. List the prime factors of j.
3, 5
Suppose 8*p - 4*p - 140 = 0. List the prime factors of (-3 - p/(-25))*-5.
2
Let g(y) = y + 5. Suppose 0*w - 18 = 4*f - 2*w, 5*w - 24 = 3*f. Let c be g(f). Suppose 2*b - b + 5*j - 40 = 0, -c*j = -5*b + 92. List the prime factors of b.
2, 5
Suppose -3*m + 4551 + 2989 = 4*y, 0 = 5*y + 5*m - 9425. What are the prime factors of y?
5, 13, 29
Let m = 132 - 130. Let n(l) = -2*l**2 - 5*l. Let b be n(-4). List the prime factors of (-34)/(m - b/(-3)).
17
Let f(x) = -16*x + 4. Let c(h) = h + 1. Let q(r) = 3*c(r) - f(r). Let z(a) = 22*a - 129. Let w be z(6). List the prime factors of q(w).
2, 7
Suppose 44*z - 46*z + 22 = 0. Suppose 7*c + 984 = z*c. What are the prime factors of c?
2, 3, 41
Let q(w) = 4*w + 4. Let i(g) = 3. Let s(a) = -1. Let u(v) = -i(v) - 4*s(v). Let c(b) = q(b) - 6*u(b). List the prime factors of c(7).
2, 13
Let l(t) be the second derivative of -t**4/12 - 7*t**3/3 + t**2/2 - 36*t. List the prime factors of l(-13).
2, 7
Suppose -2343 = -10*x + 10207. What are the prime factors of x?
5, 251
Let d = 15 - 11. Suppose 0 = k + 4, 0*l + 5*k + 192 = -d*l. Let z = 85 + l. List the prime factors of z.
2, 3, 7
Let g = -588 - -783. What are the prime factors of g?
3, 5, 13
Suppose 5*c = 2*c, 0 = -2*w + 3*c + 16. Let x = 6 + 4. Suppose 3*z - w = x. List the prime factors of z.
2, 3
Let f be (2 + 1 + 2)*(-6)/10. List the prime factors of f + 1 - (6 + -10).
2
Let d be 2 + -3 - -2 - 2. Let x be (-1 - 0)*(d - 2). Suppose -x*c = c - 64. What are the prime factors of c?
2
Suppose 0 = 2*q - 2*v - 864, 13*q - 11*q - 3*v = 866. What are the prime factors of q?
2, 5, 43
Let a(r) = -r**3 + 7*r**2 + 8*r. Let p be a(8). Suppose p = -2*h + 4*t - 14, 2*t - 32 = -3*h - 13. Suppose v - 32 = -h*v. List the prime factors of v.
2
Let a = -29 + 40. Let b(g) = -g**3 + 11*g**2 - 2. Let q be b(a). Let z(y) = -4*y - 3. List the prime factors of z(q).
5
Suppose 4*l - 15 - 17 = 0. Suppose -10*u + 18 = -l*u. List the prime factors of u.
3
Suppose 6*u - 1219 - 29 = 0. List the prime factors of u.
2, 13
List the prime factors of (6 + 13403/(-52))*-4.
19, 53
Let p = -49 - -61. Let b = 82 + p. List the prime factors of b.
2, 47
Let d(w) = -131*w - 8. Let y be d(-1). Suppose -128*v + 695 = -y*v. What are the prime factors of v?
139
Suppose 5*c + 5*n - 40 = 0, 2*c - 16 = -0*c + 3*n. Suppo